 Calculate the highest common factor of l and m.
13
Let s = 9521 + 4838. What is the highest common divisor of 83 and s?
83
Let z = -7 - -11. Let u(y) = y**2 + 18*y + 33. Let g = -81 - -65. Let s be u(g). What is the highest common factor of z and s?
1
Let v(h) = -h**3 + 89*h**2 + 253*h - 142. Let p be v(91). Calculate the greatest common divisor of 178 and p.
89
Let n(s) = 4*s**3 + 164*s**2 - 104*s - 88. Let i be n(-41). What is the greatest common factor of i and 144?
144
Suppose -2236 - 1052 = -162*t + 25*t. What is the greatest common divisor of 328 and t?
8
Suppose -43505 = -2611*v + 2600*v. What is the highest common divisor of 140 and v?
35
Suppose 3 + 4 = u - 4*p, 2*p + 1 = 3*u. Let f be (-8 - u)*-1*888/84. Calculate the greatest common divisor of f and 629.
37
Let c(b) = 67*b + 137. Let w be c(32). Suppose 5*y - w = 1184. What is the greatest common factor of y and 63?
63
Let b be (834620/(-160))/(-29) + 1/8. Calculate the highest common factor of b and 160.
20
Suppose -3*l + 1 = -14. Let v be 424 - 0*1/l. Suppose -v = -15*m + 116. Calculate the greatest common factor of 72 and m.
36
Suppose 5*q + 3*t = 709, -5*q = 6*t - t - 715. What is the highest common divisor of q and 1652?
28
Suppose -4*h + 5*i = 1661, -9*h + 2*i - 2072 = -4*h. Let k = 453 + h. What is the greatest common factor of k and 52?
13
Let w be (-29)/(-2)*2*1. Suppose 372*n = -75*n - 110*n + 32306. Calculate the highest common factor of w and n.
29
Suppose -2*v + v = -11. Let y be -16*(-2 + 3)*4/(-16). Suppose -2*w + 0*w + 2*a = 0, y*w - 5*a + 1 = 0. Calculate the greatest common factor of w and v.
1
Let o(z) = -18*z + 1931. Let q be o(103). What is the highest common factor of q and 11?
11
Suppose 982 + 132 = 10*z - 1286. Let p(k) = 2*k + 1. Let g be p(7). What is the highest common divisor of g and z?
15
Let q = 11058 - 10813. Let j be 0 + 1 + 485/5. Calculate the greatest common divisor of q and j.
49
Suppose 19*g - 15*g = -3*k + 121, -3*k - g = -118. Calculate the greatest common divisor of 3510 and k.
39
Suppose -2*r + 76 = -7*r - h, 4 = h. Let s be (r/128)/(1/(-8)). What is the greatest common divisor of s and 43?
1
Suppose 0 = -3*f + 2*y - 122 + 8302, 5*y = 3*f - 8183. What is the highest common factor of f and 174?
58
Suppose 9*u + 19*u - 364 = 0. Let l(t) = -9*t**2 - 138*t + 20. Let p be l(-15). Calculate the greatest common factor of u and p.
13
Suppose -5*z = 4*s - 448, -276 = -2*s - 177*z + 181*z. Let j(b) = -b**2 - 5*b + 8. Let i be j(-6). What is the greatest common divisor of s and i?
2
Let b be 1172 + (-16)/16 + -9. Calculate the greatest common factor of b and 14.
14
Let u(g) = -g**3 + 17*g**2 - 31*g + 16. Let r be u(14). Suppose -i = -3*s - 13, 4*i + 6*s - 2*s - 36 = 0. Calculate the greatest common factor of r and i.
10
Let w = 2629 - 2596. Calculate the greatest common divisor of 4983 and w.
33
Let w = 12234 - 7964. Suppose 0 = -6*s + s + w. Calculate the greatest common divisor of 14 and s.
14
Let v(t) = 21*t + 2. Let n be v(5). Suppose 7*c - n = -79. Calculate the greatest common divisor of 30 and c.
2
Suppose -228*h + 287755 = -18*h + 23*h. Calculate the highest common divisor of h and 715.
65
Let p = 15868 - 15726. What is the highest common factor of 7526 and p?
142
Let w = -36848 - -57258. What is the highest common factor of 130 and w?
130
Let j(z) = -5570*z + 2021. Let t be j(-4). What is the greatest common divisor of 38 and t?
19
Let a be -4 + (-9)/(18/(-1108)). Let j = -193 + a. What is the highest common divisor of 63 and j?
21
Suppose 12 + 72 = o - 3*d, 5*d - 320 = -5*o. Suppose 47*q = 61*q - 1549 - 4569. What is the greatest common factor of q and o?
23
Suppose p + l = 17, 84*p + 9 = 85*p - l. Calculate the highest common divisor of p and 14846.
13
Suppose 19515 = h - 3*j, -2*h + j + 22837 = -16208. Let x be (-2)/(-4) - h/(-24). Let m = -434 + x. What is the greatest common divisor of 38 and m?
38
Suppose 6*o - 57 = -33. Let m(i) = 5*i**2 - 21*i + 39. Let z be m(o). Calculate the highest common divisor of z and 5.
5
Suppose 4*p - 63279 + 6591 = 12*r, -2*r + 70741 = 5*p. What is the highest common factor of 159 and p?
159
Let b be 359*((20 - 17) + -2). What is the highest common divisor of b and 4?
1
Let b be (28/(-21) - -1)/((-3)/45). Suppose -c - 9*r = -11*r - 15, b*r = 2*c - 32. What is the greatest common factor of c and 121?
11
Let j(u) = -4*u**3 - 7*u**2 + 8*u - 84. Let g be j(-7). Calculate the highest common factor of g and 21.
7
Suppose 43*g - y - 114 = 40*g, 0 = 2*g + 2*y - 76. Calculate the highest common divisor of 418 and g.
38
Let s(j) = 0*j - 126 + 0*j + 163 - 2*j. Let b be s(7). What is the highest common factor of b and 161?
23
Let c be 6 + (10/5 - -11). Let f be 3/(-9) + (-7)/(-21) + c. Suppose 659 + 82 = 3*p. Calculate the highest common divisor of f and p.
19
Let c(m) = 15*m**2 + m - 2. Let v be c(-2). Let a be ((-70)/(-8))/(2*1*(-26)/(-2496)). Calculate the highest common factor of v and a.
28
Suppose -2*p + 6 + 4 = 0. Let y = 19 - 14. Suppose 0 = -5*d + m + 2*m + 1578, -p = y*m. What is the greatest common divisor of 35 and d?
35
Let i(j) = -j**2 - 15*j - 23. Suppose -4*b + 7*b = 6. Suppose 0 = 2*a, u + 26 = -u - b*a. Let d be i(u). What is the highest common divisor of d and 3?
3
Let j = -5203 + 5333. Calculate the greatest common factor of j and 1240.
10
Let p be 2 + (-7)/(-1) - 1. Suppose -11 - 66 = 7*q. Let m(g) = g**2 + 8*g - 17. Let t be m(q). What is the highest common divisor of p and t?
8
Let g = -5139 + 7569. What is the highest common factor of g and 90?
90
Let u = -45 - -49. Suppose u*r = 5*q - 41, 2*q - q + 2*r + 3 = 0. Let g be (-775)/(-62)*(6/2 + -1). What is the greatest common divisor of q and g?
5
Let l(v) = -230*v + 1239. Let x be l(4). Calculate the greatest common factor of x and 29.
29
Let o be ((-62)/6)/((-1631735)/163170 + 10). What is the highest common factor of o and 21?
21
Suppose -7730*y + 7711*y + 30400 = 0. What is the greatest common divisor of y and 225?
25
Suppose 0 = -5*k + 58 + 17. Suppose -523 = -z - j, -3*j = -5*z + 2083 + 548. Suppose -33*m + 28*m = -z. What is the greatest common divisor of m and k?
15
Suppose -k - 2*s + 1838 = 0, 2046 = k + s + 212. What is the greatest common factor of k and 135?
15
Let m = 83 - 191. Let q be m/(-30) + (-6)/(-15). Suppose -3*h - 5*v + 23 + 19 = 0, -2*h + 2*v = -28. Calculate the highest common divisor of h and q.
2
Suppose 333*n - 8191 = 444630 + 243482. Calculate the highest common divisor of 2214 and n.
123
Suppose 114*k = 113*k + 3*q + 2145, 0 = k + 3*q - 2145. What is the greatest common factor of k and 385?
55
Suppose -214 = 5*t - 29*t + 554. What is the highest common divisor of 224 and t?
32
Let i(v) = -v**2 + 11*v + 5. Let r be i(11). Let n(t) = t - 5. Let o be n(r). Let q be -2 - (292/(-2) - o). What is the highest common factor of 16 and q?
16
Let d(r) = 199*r - 1699. Let a be d(9). Calculate the highest common factor of 989 and a.
23
Suppose 314*z = 400*z - 29498. Suppose g = -5*k + 74, 3*k = -g + 36 + 28. Calculate the greatest common divisor of g and z.
49
Suppose 320 = 12*r + 4*v, 4*v - 6*v - 148 = -5*r. Calculate the greatest common factor of r and 2716.
28
Let l be -2*2/2 - -13. Suppose -l = -3*m + 2*m. Let w be (-4 + -10 + 3)*(-41)/(82/8). What is the greatest common factor of w and m?
11
Let x(p) = 2*p**2 - 205*p + 3821. Let s be x(79). What is the highest common divisor of 228 and s?
12
Let m be (-1 - -5) + -1 + 3. Suppose 194*o - 24620 = 18*o - 35*o - 566. Calculate the highest common factor of o and m.
6
Suppose -295*p - 211*p = -33590 - 164762. Calculate the highest common divisor of p and 344.
8
Let j(d) = -1396*d + 67. Let h be j(-1). Calculate the highest common factor of 308 and h.
77
Let m = -1620 + 1624. What is the highest common divisor of 298 and m?
2
Let d = -43 - -33. Let y be 778*1/d*-5. Suppose -3*u = s - 261, y = 5*s + 3*u - 916. Calculate the greatest common factor of 29 and s.
29
Suppose 855 = 5*f - 5*t, -f - 12*t + 171 = -15*t. Calculate the highest common factor of 133 and f.
19
Suppose 190 + 278 = 12*q. What is the greatest common divisor of q and 4251?
39
Suppose -x + 5*q = -2385, 2*x - 26*q = -28*q + 4770. What is the highest common divisor of 15 and x?
15
Let d(h) = 4*h**2 + 8*h + 3. Let i be 